{"id":1926,"date":"2021-07-30T11:44:23","date_gmt":"2021-07-30T11:44:23","guid":{"rendered":"https:\/\/seafarer.qodeinteractive.com\/?page_id=1926"},"modified":"2021-07-30T11:44:23","modified_gmt":"2021-07-30T11:44:23","slug":"shop-three-columns","status":"publish","type":"page","link":"https:\/\/bateau-ecole-plouescat.fr\/index.php\/shop-three-columns\/","title":{"rendered":"Shop Three Columns"},"content":{"rendered":"\t\t<div data-elementor-type=\"wp-page\" data-elementor-id=\"1926\" class=\"elementor elementor-1926\">\n\t\t\t\t\t\t<section class=\"elementor-section elementor-top-section elementor-element elementor-element-3824d32 elementor-section-full_width qodef-elementor-content-grid elementor-section-height-default elementor-section-height-default\" data-id=\"3824d32\" data-element_type=\"section\" data-e-type=\"section\">\n\t\t\t\t\t\t<div class=\"elementor-container elementor-column-gap-default\">\n\t\t\t\t\t<div class=\"elementor-column elementor-col-100 elementor-top-column elementor-element elementor-element-63402bd\" data-id=\"63402bd\" data-element_type=\"column\" data-e-type=\"column\">\n\t\t\t<div class=\"elementor-widget-wrap elementor-element-populated\">\n\t\t\t\t\t\t<div class=\"elementor-element elementor-element-bc05d5c elementor-widget elementor-widget-seafarer_core_product_list\" data-id=\"bc05d5c\" data-element_type=\"widget\" data-e-type=\"widget\" data-widget_type=\"seafarer_core_product_list.default\">\n\t\t\t\t<div class=\"elementor-widget-container\">\n\t\t\t\t\t<div class=\"qodef-shortcode qodef-m  qodef-woo-shortcode qodef-woo-product-list qodef-item-layout--info-below qodef-grid qodef-layout--columns  qodef-gutter--normal qodef-col-num--3 qodef-item-layout--info-below qodef--no-bottom-space qodef-pagination--off qodef-responsive--predefined\" data-options=\"{&quot;plugin&quot;:&quot;seafarer_core&quot;,&quot;module&quot;:&quot;plugins\\\/woocommerce\\\/shortcodes&quot;,&quot;shortcode&quot;:&quot;product-list&quot;,&quot;post_type&quot;:&quot;product&quot;,&quot;next_page&quot;:&quot;2&quot;,&quot;max_pages_num&quot;:2,&quot;behavior&quot;:&quot;columns&quot;,&quot;images_proportion&quot;:&quot;full&quot;,&quot;columns&quot;:&quot;3&quot;,&quot;columns_responsive&quot;:&quot;predefined&quot;,&quot;space&quot;:&quot;normal&quot;,&quot;posts_per_page&quot;:&quot;9&quot;,&quot;orderby&quot;:&quot;date&quot;,&quot;order&quot;:&quot;DESC&quot;,&quot;rating&quot;:&quot;no&quot;,&quot;layout&quot;:&quot;info-below&quot;,&quot;title_tag&quot;:&quot;h4&quot;,&quot;pagination_type&quot;:&quot;no-pagination&quot;,&quot;object_class_name&quot;:&quot;SeafarerCore_Product_List_Shortcode&quot;,&quot;taxonomy_filter&quot;:&quot;product_cat&quot;,&quot;additional_query_args&quot;:[],&quot;space_value&quot;:15}\">\n\t\t<div class=\"qodef-grid-inner clear\">\n\t\t<li class=\"qodef-e qodef-grid-item qodef-item--full product type-product post-229 status-publish first instock product_cat-details product_tag-event product_tag-trip has-post-thumbnail shipping-taxable purchasable product-type-simple\">\n\t<div class=\"qodef-e-inner\">\n\t\t\t\t\t<div class=\"qodef-woo-product-image\">\n\t\t\t\t<span class=\"qodef-m-border--top-left\"><\/span>\n\t\t\t\t<span class=\"qodef-m-border--bottom-right\"><\/span>\n\t\t\t\t\t\t\t\t\t\t\t\t<div class=\"qodef-woo-product-image-inner\">\n\t\t\t\t\t<a href=\"\/index.php\/wp-json\/wp\/v2\/pages\/1926?add-to-cart=229\" aria-describedby=\"woocommerce_loop_add_to_cart_link_describedby_229\" data-quantity=\"1\" class=\"button product_type_simple add_to_cart_button ajax_add_to_cart\" data-product_id=\"229\" data-product_sku=\"0036985\" aria-label=\"Ajouter au panier\u00a0: &ldquo;Grey Rope&rdquo;\" rel=\"nofollow\" data-success_message=\"\u00ab\u00a0Grey Rope\u00a0\u00bb a \u00e9t\u00e9 ajout\u00e9 \u00e0 votre panier\" role=\"button\">Ajouter au panier<\/a>\t<span id=\"woocommerce_loop_add_to_cart_link_describedby_229\" class=\"screen-reader-text\">\n\t\t\t<\/span>\n\t\t\t\t<\/div>\n\t\t\t\t<a href=\"https:\/\/bateau-ecole-plouescat.fr\/index.php\/produit\/grey-rope\/\" class=\"woocommerce-LoopProduct-link woocommerce-loop-product__link\"><\/a>\t\t\t<\/div>\n\t\t\t\t<div class=\"qodef-woo-product-content\">\n\t\t\t\t<div class=\"qodef-woo-product-categories qodef-e-info\"><a href=\"https:\/\/bateau-ecole-plouescat.fr\/index.php\/categorie-produit\/details\/\" rel=\"tag\">Details<\/a><\/div>\n\t<div class=\"qodef-info-separator-end\"><\/div>\n            <h4 itemprop=\"name\" class=\"qodef-woo-product-title entry-title\" >\n\t<a itemprop=\"url\" class=\"qodef-woo-product-title-link\" href=\"https:\/\/bateau-ecole-plouescat.fr\/index.php\/produit\/grey-rope\/\">\n\t\tGrey Rope\t<\/a>\n<\/h4>\n\t\t\t            \t\t<div class=\"qodef-woo-product-price price\"><span class=\"woocommerce-Price-amount amount\"><span class=\"woocommerce-Price-currencySymbol\">&#036;<\/span>2,860.00<\/span><\/div>\n\t\t\t\t\t\t\t<\/div>\n\t<\/div>\n<\/li>\n<li class=\"qodef-e qodef-grid-item qodef-item--full product type-product post-323 status-publish instock product_cat-details product_tag-event product_tag-trip has-post-thumbnail shipping-taxable purchasable product-type-simple\">\n\t<div class=\"qodef-e-inner\">\n\t\t\t\t\t<div class=\"qodef-woo-product-image\">\n\t\t\t\t<span class=\"qodef-m-border--top-left\"><\/span>\n\t\t\t\t<span class=\"qodef-m-border--bottom-right\"><\/span>\n\t\t\t\t\t\t\t\t\t\t\t\t<div class=\"qodef-woo-product-image-inner\">\n\t\t\t\t\t<a href=\"\/index.php\/wp-json\/wp\/v2\/pages\/1926?add-to-cart=323\" aria-describedby=\"woocommerce_loop_add_to_cart_link_describedby_323\" data-quantity=\"1\" class=\"button product_type_simple add_to_cart_button ajax_add_to_cart\" data-product_id=\"323\" data-product_sku=\"0036986\" aria-label=\"Ajouter au panier\u00a0: &ldquo;Bussola&rdquo;\" rel=\"nofollow\" data-success_message=\"\u00ab\u00a0Bussola\u00a0\u00bb a \u00e9t\u00e9 ajout\u00e9 \u00e0 votre panier\" role=\"button\">Ajouter au panier<\/a>\t<span id=\"woocommerce_loop_add_to_cart_link_describedby_323\" class=\"screen-reader-text\">\n\t\t\t<\/span>\n\t\t\t\t<\/div>\n\t\t\t\t<a href=\"https:\/\/bateau-ecole-plouescat.fr\/index.php\/produit\/bussola\/\" class=\"woocommerce-LoopProduct-link woocommerce-loop-product__link\"><\/a>\t\t\t<\/div>\n\t\t\t\t<div class=\"qodef-woo-product-content\">\n\t\t\t\t<div class=\"qodef-woo-product-categories qodef-e-info\"><a href=\"https:\/\/bateau-ecole-plouescat.fr\/index.php\/categorie-produit\/details\/\" rel=\"tag\">Details<\/a><\/div>\n\t<div class=\"qodef-info-separator-end\"><\/div>\n            <h4 itemprop=\"name\" class=\"qodef-woo-product-title entry-title\" >\n\t<a itemprop=\"url\" class=\"qodef-woo-product-title-link\" href=\"https:\/\/bateau-ecole-plouescat.fr\/index.php\/produit\/bussola\/\">\n\t\tBussola\t<\/a>\n<\/h4>\n\t\t\t            \t\t<div class=\"qodef-woo-product-price price\"><span class=\"woocommerce-Price-amount amount\"><span class=\"woocommerce-Price-currencySymbol\">&#036;<\/span>580.00<\/span><\/div>\n\t\t\t\t\t\t\t<\/div>\n\t<\/div>\n<\/li>\n<li class=\"qodef-e qodef-grid-item qodef-item--full product type-product post-330 status-publish last instock product_cat-details product_tag-event product_tag-trip has-post-thumbnail sale shipping-taxable purchasable product-type-simple\">\n\t<div class=\"qodef-e-inner\">\n\t\t\t\t\t<div class=\"qodef-woo-product-image\">\n\t\t\t\t<span class=\"qodef-m-border--top-left\"><\/span>\n\t\t\t\t<span class=\"qodef-m-border--bottom-right\"><\/span>\n\t\t\t\t<span class=\"qodef-woo-product-mark qodef-woo-onsale\">Sale<\/span>\t\t\t\t<img fetchpriority=\"high\" decoding=\"async\" width=\"600\" height=\"771\" src=\"https:\/\/bateau-ecole-plouescat.fr\/wp-content\/uploads\/2021\/07\/Shop-list-img-3.jpg\" class=\"attachment-full size-full\" alt=\"a\" srcset=\"https:\/\/bateau-ecole-plouescat.fr\/wp-content\/uploads\/2021\/07\/Shop-list-img-3.jpg 600w, https:\/\/bateau-ecole-plouescat.fr\/wp-content\/uploads\/2021\/07\/Shop-list-img-3-233x300.jpg 233w\" sizes=\"(max-width: 600px) 100vw, 600px\" \/>\t\t\t\t<div class=\"qodef-woo-product-image-inner\">\n\t\t\t\t\t<a href=\"\/index.php\/wp-json\/wp\/v2\/pages\/1926?add-to-cart=330\" aria-describedby=\"woocommerce_loop_add_to_cart_link_describedby_330\" data-quantity=\"1\" class=\"button product_type_simple add_to_cart_button ajax_add_to_cart\" data-product_id=\"330\" data-product_sku=\"0036987\" aria-label=\"Ajouter au panier\u00a0: &ldquo;Attention To Details&rdquo;\" rel=\"nofollow\" data-success_message=\"\u00ab\u00a0Attention To Details\u00a0\u00bb a \u00e9t\u00e9 ajout\u00e9 \u00e0 votre panier\" role=\"button\">Ajouter au panier<\/a>\t<span id=\"woocommerce_loop_add_to_cart_link_describedby_330\" class=\"screen-reader-text\">\n\t\t\t<\/span>\n\t\t\t\t<\/div>\n\t\t\t\t<a href=\"https:\/\/bateau-ecole-plouescat.fr\/index.php\/produit\/attention-to-details\/\" class=\"woocommerce-LoopProduct-link woocommerce-loop-product__link\"><\/a>\t\t\t<\/div>\n\t\t\t\t<div class=\"qodef-woo-product-content\">\n\t\t\t\t<div class=\"qodef-woo-product-categories qodef-e-info\"><a href=\"https:\/\/bateau-ecole-plouescat.fr\/index.php\/categorie-produit\/details\/\" rel=\"tag\">Details<\/a><\/div>\n\t<div class=\"qodef-info-separator-end\"><\/div>\n            <h4 itemprop=\"name\" class=\"qodef-woo-product-title entry-title\" >\n\t<a itemprop=\"url\" class=\"qodef-woo-product-title-link\" href=\"https:\/\/bateau-ecole-plouescat.fr\/index.php\/produit\/attention-to-details\/\">\n\t\tAttention To Details\t<\/a>\n<\/h4>\n\t\t\t            \t\t<div class=\"qodef-woo-product-price price\"><del aria-hidden=\"true\"><span class=\"woocommerce-Price-amount amount\"><span class=\"woocommerce-Price-currencySymbol\">&#036;<\/span>5,800.00<\/span><\/del> <span class=\"screen-reader-text\">Le prix initial \u00e9tait\u00a0: &#036;5,800.00.<\/span><ins aria-hidden=\"true\"><span class=\"woocommerce-Price-amount amount\"><span class=\"woocommerce-Price-currencySymbol\">&#036;<\/span>5,280.00<\/span><\/ins><span class=\"screen-reader-text\">Le prix actuel est\u00a0: &#036;5,280.00.<\/span><\/div>\n\t\t\t\t\t\t\t<\/div>\n\t<\/div>\n<\/li>\n<li class=\"qodef-e qodef-grid-item qodef-item--full product type-product post-338 status-publish first instock product_cat-details product_tag-event product_tag-trip has-post-thumbnail shipping-taxable purchasable product-type-simple\">\n\t<div class=\"qodef-e-inner\">\n\t\t\t\t\t<div class=\"qodef-woo-product-image\">\n\t\t\t\t<span class=\"qodef-m-border--top-left\"><\/span>\n\t\t\t\t<span class=\"qodef-m-border--bottom-right\"><\/span>\n\t\t\t\t\t\t\t\t<img decoding=\"async\" width=\"600\" height=\"771\" src=\"https:\/\/bateau-ecole-plouescat.fr\/wp-content\/uploads\/2021\/07\/Shop-list-img-4.jpg\" class=\"attachment-full size-full\" alt=\"\" srcset=\"https:\/\/bateau-ecole-plouescat.fr\/wp-content\/uploads\/2021\/07\/Shop-list-img-4.jpg 600w, https:\/\/bateau-ecole-plouescat.fr\/wp-content\/uploads\/2021\/07\/Shop-list-img-4-233x300.jpg 233w\" sizes=\"(max-width: 600px) 100vw, 600px\" \/>\t\t\t\t<div class=\"qodef-woo-product-image-inner\">\n\t\t\t\t\t<a href=\"\/index.php\/wp-json\/wp\/v2\/pages\/1926?add-to-cart=338\" aria-describedby=\"woocommerce_loop_add_to_cart_link_describedby_338\" data-quantity=\"1\" class=\"button product_type_simple add_to_cart_button ajax_add_to_cart\" data-product_id=\"338\" data-product_sku=\"0036988\" aria-label=\"Ajouter au panier\u00a0: &ldquo;Mini Compass&rdquo;\" rel=\"nofollow\" data-success_message=\"\u00ab\u00a0Mini Compass\u00a0\u00bb a \u00e9t\u00e9 ajout\u00e9 \u00e0 votre panier\" role=\"button\">Ajouter au panier<\/a>\t<span id=\"woocommerce_loop_add_to_cart_link_describedby_338\" class=\"screen-reader-text\">\n\t\t\t<\/span>\n\t\t\t\t<\/div>\n\t\t\t\t<a href=\"https:\/\/bateau-ecole-plouescat.fr\/index.php\/produit\/mini-compass\/\" class=\"woocommerce-LoopProduct-link woocommerce-loop-product__link\"><\/a>\t\t\t<\/div>\n\t\t\t\t<div class=\"qodef-woo-product-content\">\n\t\t\t\t<div class=\"qodef-woo-product-categories qodef-e-info\"><a href=\"https:\/\/bateau-ecole-plouescat.fr\/index.php\/categorie-produit\/details\/\" rel=\"tag\">Details<\/a><\/div>\n\t<div class=\"qodef-info-separator-end\"><\/div>\n            <h4 itemprop=\"name\" class=\"qodef-woo-product-title entry-title\" >\n\t<a itemprop=\"url\" class=\"qodef-woo-product-title-link\" href=\"https:\/\/bateau-ecole-plouescat.fr\/index.php\/produit\/mini-compass\/\">\n\t\tMini Compass\t<\/a>\n<\/h4>\n\t\t\t            \t\t<div class=\"qodef-woo-product-price price\"><span class=\"woocommerce-Price-amount amount\"><span class=\"woocommerce-Price-currencySymbol\">&#036;<\/span>1,220.00<\/span><\/div>\n\t\t\t\t\t\t\t<\/div>\n\t<\/div>\n<\/li>\n<li class=\"qodef-e qodef-grid-item qodef-item--full product type-product post-346 status-publish outofstock product_cat-details product_tag-event product_tag-trip has-post-thumbnail shipping-taxable purchasable product-type-simple\">\n\t<div class=\"qodef-e-inner\">\n\t\t\t\t\t<div class=\"qodef-woo-product-image\">\n\t\t\t\t<span class=\"qodef-m-border--top-left\"><\/span>\n\t\t\t\t<span class=\"qodef-m-border--bottom-right\"><\/span>\n\t\t\t\t<span class=\"qodef-woo-product-mark qodef-out-of-stock\">Sold<\/span>\t\t\t\t\t\t\t\t<div class=\"qodef-woo-product-image-inner\">\n\t\t\t\t\t<a href=\"https:\/\/bateau-ecole-plouescat.fr\/index.php\/produit\/boat-flooring\/\" aria-describedby=\"woocommerce_loop_add_to_cart_link_describedby_346\" data-quantity=\"1\" class=\"button product_type_simple\" data-product_id=\"346\" data-product_sku=\"0036989\" aria-label=\"En savoir plus sur &ldquo;Boat Flooring&rdquo;\" rel=\"nofollow\" data-success_message=\"\">Lire la suite<\/a>\t<span id=\"woocommerce_loop_add_to_cart_link_describedby_346\" class=\"screen-reader-text\">\n\t\t\t<\/span>\n\t\t\t\t<\/div>\n\t\t\t\t<a href=\"https:\/\/bateau-ecole-plouescat.fr\/index.php\/produit\/boat-flooring\/\" class=\"woocommerce-LoopProduct-link woocommerce-loop-product__link\"><\/a>\t\t\t<\/div>\n\t\t\t\t<div class=\"qodef-woo-product-content\">\n\t\t\t\t<div class=\"qodef-woo-product-categories qodef-e-info\"><a href=\"https:\/\/bateau-ecole-plouescat.fr\/index.php\/categorie-produit\/details\/\" rel=\"tag\">Details<\/a><\/div>\n\t<div class=\"qodef-info-separator-end\"><\/div>\n            <h4 itemprop=\"name\" class=\"qodef-woo-product-title entry-title\" >\n\t<a itemprop=\"url\" class=\"qodef-woo-product-title-link\" href=\"https:\/\/bateau-ecole-plouescat.fr\/index.php\/produit\/boat-flooring\/\">\n\t\tBoat Flooring\t<\/a>\n<\/h4>\n\t\t\t            \t\t<div class=\"qodef-woo-product-price price\"><span class=\"woocommerce-Price-amount amount\"><span class=\"woocommerce-Price-currencySymbol\">&#036;<\/span>1,220.00<\/span><\/div>\n\t\t\t\t\t\t\t<\/div>\n\t<\/div>\n<\/li>\n<li class=\"qodef-e qodef-grid-item qodef-item--full product type-product post-353 status-publish last instock product_cat-details product_tag-event product_tag-trip has-post-thumbnail shipping-taxable purchasable product-type-simple\">\n\t<div class=\"qodef-e-inner\">\n\t\t\t\t\t<div class=\"qodef-woo-product-image\">\n\t\t\t\t<span class=\"qodef-m-border--top-left\"><\/span>\n\t\t\t\t<span class=\"qodef-m-border--bottom-right\"><\/span>\n\t\t\t\t\t\t\t\t\t\t\t\t<div class=\"qodef-woo-product-image-inner\">\n\t\t\t\t\t<a href=\"\/index.php\/wp-json\/wp\/v2\/pages\/1926?add-to-cart=353\" aria-describedby=\"woocommerce_loop_add_to_cart_link_describedby_353\" data-quantity=\"1\" class=\"button product_type_simple add_to_cart_button ajax_add_to_cart\" data-product_id=\"353\" data-product_sku=\"0036990\" aria-label=\"Ajouter au panier\u00a0: &ldquo;Binoculars&rdquo;\" rel=\"nofollow\" data-success_message=\"\u00ab\u00a0Binoculars\u00a0\u00bb a \u00e9t\u00e9 ajout\u00e9 \u00e0 votre panier\" role=\"button\">Ajouter au panier<\/a>\t<span id=\"woocommerce_loop_add_to_cart_link_describedby_353\" class=\"screen-reader-text\">\n\t\t\t<\/span>\n\t\t\t\t<\/div>\n\t\t\t\t<a href=\"https:\/\/bateau-ecole-plouescat.fr\/index.php\/produit\/binoculars\/\" class=\"woocommerce-LoopProduct-link woocommerce-loop-product__link\"><\/a>\t\t\t<\/div>\n\t\t\t\t<div class=\"qodef-woo-product-content\">\n\t\t\t\t<div class=\"qodef-woo-product-categories qodef-e-info\"><a href=\"https:\/\/bateau-ecole-plouescat.fr\/index.php\/categorie-produit\/details\/\" rel=\"tag\">Details<\/a><\/div>\n\t<div class=\"qodef-info-separator-end\"><\/div>\n            <h4 itemprop=\"name\" class=\"qodef-woo-product-title entry-title\" >\n\t<a itemprop=\"url\" class=\"qodef-woo-product-title-link\" href=\"https:\/\/bateau-ecole-plouescat.fr\/index.php\/produit\/binoculars\/\">\n\t\tBinoculars\t<\/a>\n<\/h4>\n\t\t\t            \t\t<div class=\"qodef-woo-product-price price\"><span class=\"woocommerce-Price-amount amount\"><span class=\"woocommerce-Price-currencySymbol\">&#036;<\/span>680.00<\/span><\/div>\n\t\t\t\t\t\t\t<\/div>\n\t<\/div>\n<\/li>\n<li class=\"qodef-e qodef-grid-item qodef-item--full product type-product post-360 status-publish first instock product_cat-details product_tag-boat product_tag-company has-post-thumbnail shipping-taxable purchasable product-type-simple\">\n\t<div class=\"qodef-e-inner\">\n\t\t\t\t\t<div class=\"qodef-woo-product-image\">\n\t\t\t\t<span class=\"qodef-m-border--top-left\"><\/span>\n\t\t\t\t<span class=\"qodef-m-border--bottom-right\"><\/span>\n\t\t\t\t\t\t\t\t\t\t\t\t<div class=\"qodef-woo-product-image-inner\">\n\t\t\t\t\t<a href=\"\/index.php\/wp-json\/wp\/v2\/pages\/1926?add-to-cart=360\" aria-describedby=\"woocommerce_loop_add_to_cart_link_describedby_360\" data-quantity=\"1\" class=\"button product_type_simple add_to_cart_button ajax_add_to_cart\" data-product_id=\"360\" data-product_sku=\"0036991\" aria-label=\"Ajouter au panier\u00a0: &ldquo;Outboard Motors&rdquo;\" rel=\"nofollow\" data-success_message=\"\u00ab\u00a0Outboard Motors\u00a0\u00bb a \u00e9t\u00e9 ajout\u00e9 \u00e0 votre panier\" role=\"button\">Ajouter au panier<\/a>\t<span id=\"woocommerce_loop_add_to_cart_link_describedby_360\" class=\"screen-reader-text\">\n\t\t\t<\/span>\n\t\t\t\t<\/div>\n\t\t\t\t<a href=\"https:\/\/bateau-ecole-plouescat.fr\/index.php\/produit\/outboard-motors\/\" class=\"woocommerce-LoopProduct-link woocommerce-loop-product__link\"><\/a>\t\t\t<\/div>\n\t\t\t\t<div class=\"qodef-woo-product-content\">\n\t\t\t\t<div class=\"qodef-woo-product-categories qodef-e-info\"><a href=\"https:\/\/bateau-ecole-plouescat.fr\/index.php\/categorie-produit\/details\/\" rel=\"tag\">Details<\/a><\/div>\n\t<div class=\"qodef-info-separator-end\"><\/div>\n            <h4 itemprop=\"name\" class=\"qodef-woo-product-title entry-title\" >\n\t<a itemprop=\"url\" class=\"qodef-woo-product-title-link\" href=\"https:\/\/bateau-ecole-plouescat.fr\/index.php\/produit\/outboard-motors\/\">\n\t\tOutboard Motors\t<\/a>\n<\/h4>\n\t\t\t            \t\t<div class=\"qodef-woo-product-price price\"><span class=\"woocommerce-Price-amount amount\"><span class=\"woocommerce-Price-currencySymbol\">&#036;<\/span>7,500.00<\/span><\/div>\n\t\t\t\t\t\t\t<\/div>\n\t<\/div>\n<\/li>\n<li class=\"qodef-e qodef-grid-item qodef-item--full product type-product post-495 status-publish instock product_cat-details product_tag-nautical product_tag-sailing has-post-thumbnail shipping-taxable purchasable product-type-simple\">\n\t<div class=\"qodef-e-inner\">\n\t\t\t\t\t<div class=\"qodef-woo-product-image\">\n\t\t\t\t<span class=\"qodef-m-border--top-left\"><\/span>\n\t\t\t\t<span class=\"qodef-m-border--bottom-right\"><\/span>\n\t\t\t\t\t\t\t\t\t\t\t\t<div class=\"qodef-woo-product-image-inner\">\n\t\t\t\t\t<a href=\"\/index.php\/wp-json\/wp\/v2\/pages\/1926?add-to-cart=495\" aria-describedby=\"woocommerce_loop_add_to_cart_link_describedby_495\" data-quantity=\"1\" class=\"button product_type_simple add_to_cart_button ajax_add_to_cart\" data-product_id=\"495\" data-product_sku=\"0036992\" aria-label=\"Ajouter au panier\u00a0: &ldquo;Boat Compass&rdquo;\" rel=\"nofollow\" data-success_message=\"\u00ab\u00a0Boat Compass\u00a0\u00bb a \u00e9t\u00e9 ajout\u00e9 \u00e0 votre panier\" role=\"button\">Ajouter au panier<\/a>\t<span id=\"woocommerce_loop_add_to_cart_link_describedby_495\" class=\"screen-reader-text\">\n\t\t\t<\/span>\n\t\t\t\t<\/div>\n\t\t\t\t<a href=\"https:\/\/bateau-ecole-plouescat.fr\/index.php\/produit\/boat-compass\/\" class=\"woocommerce-LoopProduct-link woocommerce-loop-product__link\"><\/a>\t\t\t<\/div>\n\t\t\t\t<div class=\"qodef-woo-product-content\">\n\t\t\t\t<div class=\"qodef-woo-product-categories qodef-e-info\"><a href=\"https:\/\/bateau-ecole-plouescat.fr\/index.php\/categorie-produit\/details\/\" rel=\"tag\">Details<\/a><\/div>\n\t<div class=\"qodef-info-separator-end\"><\/div>\n            <h4 itemprop=\"name\" class=\"qodef-woo-product-title entry-title\" >\n\t<a itemprop=\"url\" class=\"qodef-woo-product-title-link\" href=\"https:\/\/bateau-ecole-plouescat.fr\/index.php\/produit\/boat-compass\/\">\n\t\tBoat Compass\t<\/a>\n<\/h4>\n\t\t\t            \t\t<div class=\"qodef-woo-product-price price\"><span class=\"woocommerce-Price-amount amount\"><span class=\"woocommerce-Price-currencySymbol\">&#036;<\/span>2,200.00<\/span><\/div>\n\t\t\t\t\t\t\t<\/div>\n\t<\/div>\n<\/li>\n<li class=\"qodef-e qodef-grid-item qodef-item--full product type-product post-506 status-publish last instock product_cat-details product_tag-superyacht product_tag-yachting has-post-thumbnail shipping-taxable purchasable product-type-simple\">\n\t<div class=\"qodef-e-inner\">\n\t\t\t\t\t<div class=\"qodef-woo-product-image\">\n\t\t\t\t<span class=\"qodef-m-border--top-left\"><\/span>\n\t\t\t\t<span class=\"qodef-m-border--bottom-right\"><\/span>\n\t\t\t\t\t\t\t\t\t\t\t\t<div class=\"qodef-woo-product-image-inner\">\n\t\t\t\t\t<a href=\"\/index.php\/wp-json\/wp\/v2\/pages\/1926?add-to-cart=506\" aria-describedby=\"woocommerce_loop_add_to_cart_link_describedby_506\" data-quantity=\"1\" class=\"button product_type_simple add_to_cart_button ajax_add_to_cart\" data-product_id=\"506\" data-product_sku=\"0036993\" aria-label=\"Ajouter au panier\u00a0: &ldquo;Fishing Chair&rdquo;\" rel=\"nofollow\" data-success_message=\"\u00ab\u00a0Fishing Chair\u00a0\u00bb a \u00e9t\u00e9 ajout\u00e9 \u00e0 votre panier\" role=\"button\">Ajouter au panier<\/a>\t<span id=\"woocommerce_loop_add_to_cart_link_describedby_506\" class=\"screen-reader-text\">\n\t\t\t<\/span>\n\t\t\t\t<\/div>\n\t\t\t\t<a href=\"https:\/\/bateau-ecole-plouescat.fr\/index.php\/produit\/fishing-chair\/\" class=\"woocommerce-LoopProduct-link woocommerce-loop-product__link\"><\/a>\t\t\t<\/div>\n\t\t\t\t<div class=\"qodef-woo-product-content\">\n\t\t\t\t<div class=\"qodef-woo-product-categories qodef-e-info\"><a href=\"https:\/\/bateau-ecole-plouescat.fr\/index.php\/categorie-produit\/details\/\" rel=\"tag\">Details<\/a><\/div>\n\t<div class=\"qodef-info-separator-end\"><\/div>\n            <h4 itemprop=\"name\" class=\"qodef-woo-product-title entry-title\" >\n\t<a itemprop=\"url\" class=\"qodef-woo-product-title-link\" href=\"https:\/\/bateau-ecole-plouescat.fr\/index.php\/produit\/fishing-chair\/\">\n\t\tFishing Chair\t<\/a>\n<\/h4>\n\t\t\t            \t\t<div class=\"qodef-woo-product-price price\"><span class=\"woocommerce-Price-amount amount\"><span class=\"woocommerce-Price-currencySymbol\">&#036;<\/span>5,700.00<\/span><\/div>\n\t\t\t\t\t\t\t<\/div>\n\t<\/div>\n<\/li>\n\t<\/div>\n\t<\/div>\n\t\t\t\t<\/div>\n\t\t\t\t<\/div>\n\t\t\t\t\t<\/div>\n\t\t<\/div>\n\t\t\t\t\t<\/div>\n\t\t<\/section>\n\t\t\t\t<\/div>\n\t\t","protected":false},"excerpt":{"rendered":"<p>Add to cart Details Grey Rope $2,860 Add to cart Details Bussola $580 Add to cart Details Attention To Details $5,800 Add to cart Details Mini Compass $1,220 Add to cart Details Boat Flooring $1,220 Add to cart Details Binoculars $680 Add to cart Details Outboard Motors $7,500 Add to cart Details Boat Compass $2,200 [&hellip;]<\/p>\n","protected":false},"author":1,"featured_media":0,"parent":0,"menu_order":0,"comment_status":"closed","ping_status":"closed","template":"","meta":{"_monsterinsights_skip_tracking":false,"_monsterinsights_sitenote_active":false,"_monsterinsights_sitenote_note":"","_monsterinsights_sitenote_category":0,"footnotes":""},"class_list":["post-1926","page","type-page","status-publish","hentry"],"aioseo_notices":[],"_links":{"self":[{"href":"https:\/\/bateau-ecole-plouescat.fr\/index.php\/wp-json\/wp\/v2\/pages\/1926","targetHints":{"allow":["GET"]}}],"collection":[{"href":"https:\/\/bateau-ecole-plouescat.fr\/index.php\/wp-json\/wp\/v2\/pages"}],"about":[{"href":"https:\/\/bateau-ecole-plouescat.fr\/index.php\/wp-json\/wp\/v2\/types\/page"}],"author":[{"embeddable":true,"href":"https:\/\/bateau-ecole-plouescat.fr\/index.php\/wp-json\/wp\/v2\/users\/1"}],"replies":[{"embeddable":true,"href":"https:\/\/bateau-ecole-plouescat.fr\/index.php\/wp-json\/wp\/v2\/comments?post=1926"}],"version-history":[{"count":0,"href":"https:\/\/bateau-ecole-plouescat.fr\/index.php\/wp-json\/wp\/v2\/pages\/1926\/revisions"}],"wp:attachment":[{"href":"https:\/\/bateau-ecole-plouescat.fr\/index.php\/wp-json\/wp\/v2\/media?parent=1926"}],"curies":[{"name":"wp","href":"https:\/\/api.w.org\/{rel}","templated":true}]}}